 What is the units digit of r?
9
Let l = 34 + 11. What is the tens digit of l?
4
Let z(i) = -i**3 + 10*i**2 + i + 1. What is the tens digit of z(9)?
9
Let t(n) = n**3 - 4*n**2 - 7*n + 8. What is the tens digit of t(6)?
3
Let n = 1 - -17. Suppose -z = -n - 6. What is the tens digit of z?
2
Let l(r) = -15*r**3 - 6*r - 9. What is the tens digit of l(-2)?
2
Suppose -4*h - h - 45 = 0. Let i = h + 15. Let o = i - 3. What is the units digit of o?
3
Suppose -4*q - 64 = -4*d, -4*q - 48 = -3*d - 3*q. What is the tens digit of d?
1
Let c(b) = -3*b**3 - b**2. What is the units digit of c(-2)?
0
Let i(s) = 27*s - 5. What is the hundreds digit of i(4)?
1
Let a be ((-1)/(-2))/((-3)/(-168)). Suppose -a = -3*n - n. Suppose -2*q = -4, 0 = n*f - 2*f - 5*q - 60. What is the tens digit of f?
1
Suppose -m = -5*u - 3, 4*m = m - u + 25. Let p be m/(-6)*(2 + 7). What is the units digit of (p/(-16))/(1/12)?
9
Let r(m) = -m**2 - 14*m + 10. Let w be r(-7). Suppose 3*h - 3*u + 8*u - w = 0, 0 = 5*h + 2*u - 73. What is the tens digit of h?
1
Let d be (6*(-1 + 0))/(-2). Let i be (d/2)/(6/8). Let t = 1 + i. What is the units digit of t?
3
Let k(r) = -r**2 - 11*r - 10. Let c be (1/2)/((-1)/4). Let p be (1/c)/(3/54). What is the units digit of k(p)?
8
Let a be 4 + -7 - 10/(-1). What is the tens digit of 15/35 - (-88)/a?
1
Let g(p) = p**3 + 4*p**2 - 2*p + 1. Let i = 2 - 6. What is the units digit of g(i)?
9
Suppose 0 = 5*g - 3*g - 8. What is the units digit of g?
4
Suppose p + 4*q + 340 = 6*p, 3*p - 3*q - 207 = 0. What is the units digit of p?
4
Let k = 6 - 4. What is the units digit of (0 - 68)/((-4)/k)?
4
Let n(o) be the second derivative of o**4/12 + 7*o**3/6 - 2*o**2 + 3*o. What is the tens digit of n(-11)?
4
Suppose 5*g - 3 + 4 = 2*y, -2*y - 3 = -g. Let t = 2 + g. What is the units digit of t?
1
Let b(o) = -25*o**3 + 4*o**2 + 4*o + 3. Let y be b(-2). Suppose t + 13 = 5*a - y, 3*a + t = 128. What is the tens digit of a?
4
Let l = 2 - 0. Let j = l - -3. Suppose 2*a = a + j. What is the units digit of a?
5
Suppose -2*h + 3 = -h. Let a be (4 - 2)*h/1. Suppose -a*y = -y - 5. What is the units digit of y?
1
Let c(j) = -j + 7. What is the units digit of c(4)?
3
Let o be (0/2)/((-2)/(-2)). Suppose o = -h + 4 - 0. What is the units digit of h/(-18) - (-74)/9?
8
Let h be 156/8 - (-1)/(-2). Let q = h - 12. What is the units digit of q?
7
Let o(i) = 2*i + 1. Let t be o(8). Let k(u) = u - 2. Let q be k(2). Let a = t + q. What is the units digit of a?
7
Let d be 5 - 4*4/8. Suppose 2*l + 16 = 3*w - 29, -l = -d*w + 45. What is the units digit of w?
5
Let q be ((-1)/(-3) + -2)*-3. Suppose 4*g + 2*c + 2*c = 100, q*g + 4*c - 120 = 0. What is the units digit of g?
0
Let g = -6 - 0. Let h be (7 + -6)*g/(-2). Suppose 4*l - f - 20 = 0, -25 = l - 6*l - h*f. What is the units digit of l?
5
What is the tens digit of (-1)/(((-2)/(-6))/(-8 - 1))?
2
Suppose -2*i = -341 - 43. What is the hundreds digit of i?
1
What is the tens digit of (-18)/8*(652/(-6) - 6)?
5
Let t(z) be the third derivative of z**6/360 - z**5/20 + z**3/2 + 3*z**2. Let v(m) be the first derivative of t(m). What is the units digit of v(7)?
7
Let u = 13 + -10. Suppose -u*r = -2*a - 2, -4*a - 2 = -8*r + 3*r. Let q = 0 + a. What is the units digit of q?
2
Let g(w) = w**3 - 8*w**2 + 8*w + 5. Let q be g(7). Let x = 0 + q. Suppose 3*v + x = 39. What is the units digit of v?
9
Let z = 9 - 4. Suppose z*v = -n, 2*v = -0*n - 2*n + 8. Let w = 2 + v. What is the units digit of w?
1
Suppose 2*f + 3 = 13. Suppose 0 = -2*g + 2*j + 46, -f*j - 92 = -g - 3*g. What is the units digit of g?
3
What is the tens digit of (4 + -22)*3/(-2)?
2
Suppose 71 = -3*o - 25. Let v = 61 + o. What is the tens digit of v?
2
What is the tens digit of (6 - (-8)/(-2)) + 18?
2
What is the units digit of (1/3)/(1/9)?
3
Let w(g) = -3*g + 4. Let q(l) = 3*l - 3. Let j(b) = -4*q(b) - 3*w(b). What is the units digit of j(-2)?
6
What is the tens digit of ((-80)/64)/(0 - (-1)/(-8))?
1
Suppose -v + 21 = 2*v. Let o = v + -7. Suppose 3*z - 2*n - 58 = o, -5*n - 89 = -4*z - 0*n. What is the tens digit of z?
1
Let n = 5 - 5. Suppose n*i = -2*i + 4. What is the units digit of (-1 - -2) + (i - 1)?
2
Suppose 3*i = -4*h + 426, 3*h = -3*i - 2*i + 314. What is the tens digit of h?
0
Suppose 0 = -5*x + 3*x + 8. Suppose -a - q = -2*q - 10, 45 = 5*a - x*q. Suppose a*p + 3*m - 16 = m, -3*p - 4*m + 18 = 0. What is the units digit of p?
2
Suppose 5*p + 5 = -z - 1, -5*z + 50 = 5*p. What is the units digit of (z/4 - 3)*68?
4
Let c be (-2)/(-2)*(159 - 1). What is the units digit of c/8 - (-14)/56?
0
Let n = 138 - -18. What is the tens digit of n?
5
Suppose 0 = l - 4*y + 3 + 13, -5*l + 2*y + 10 = 0. Suppose -4*r - 1 = 5*q - 17, 0 = -l*q + 3*r - 12. What is the units digit of -2 + (0 - q) + 6?
4
Suppose -3*d - 44 = -f - 137, 51 = 2*d + 3*f. What is the units digit of d?
0
Suppose 6 = o - 3*o. Let d = o + 5. Suppose -4 - 4 = -d*t. What is the units digit of t?
4
Suppose -204 = -4*j + 284. Let k = j - 81. Suppose 2*q - k = -15. What is the tens digit of q?
1
Let x(c) = -2*c + 4. What is the tens digit of x(-11)?
2
Suppose 3*u - 20 + 8 = 0. Let v(i) = 36*i**2 - i. Let z be v(-1). Suppose y + 4*b - 21 = 0, u*y + 3*b - z = -5. What is the units digit of y?
5
Let o = 169 + -104. Let a = o + -40. What is the tens digit of a?
2
Let j = 6 + -4. Suppose z - 1 = -j. What is the units digit of (z - 10)*(-1 - 0)?
1
Suppose 23 + 2 = 5*x. Suppose 2*i - 15 = 49. What is the units digit of i/x + (-2)/5?
6
Let q be (0/(-2))/3 - -2. Let o(d) = d**3 - 2*d**2 + 3*d - 1. Let r be o(q). Suppose r*j = 31 - 6. What is the units digit of j?
5
What is the tens digit of 5*1*(-3)/15*-93?
9
What is the tens digit of (-18 + 13)/((-2)/10)?
2
Suppose -y + 60 = y. What is the tens digit of y?
3
Suppose 0 = -4*v - 2*b + 278, 0 = 5*v - b - b - 370. What is the units digit of v?
2
Let r be (15/12)/(-1)*-4. Suppose -3*j = -4*q + 17, 3*q = q + 5*j + r. Suppose -7 = 4*v + 3*y, -4*v + 31 + 2 = -q*y. What is the units digit of v?
2
Suppose 0 = 5*x + o + 3*o - 22, o = 5*x - 32. Suppose 14 + x = h. What is the units digit of h?
0
Let m(f) = f**3 + 7*f**2 + 5*f - 14. Let c be m(-6). Let r(w) = -w**3 - 7*w**2 + 6*w - 2. What is the tens digit of r(c)?
1
Suppose 2*z - 42 = -4*d + 70, 3*d = 3*z + 102. What is the tens digit of d?
3
Let s(w) = -w**3 + 11*w**2 - 9*w - 5. Let c be s(10). Let x = -67 - -126. Suppose c*a - x + 19 = 0. What is the units digit of a?
8
Let q = -3 + 5. Suppose -3*x = 3*g, 0 = q*g + 4*x - x + 3. Suppose -6 + 3 = -g*y. What is the units digit of y?
1
Suppose 0 = 16*k - 18*k + 46. Suppose -h + 3*v + k = -0*v, -h - v = -27. What is the units digit of h?
6
Let n = 119 - 82. Suppose 3*d - n = -4. Suppose -8 = -t + d. What is the tens digit of t?
1
Let m = -21 - -17. What is the units digit of 1*(5 - (m - -2))?
7
Suppose -6*r + 58 = -20. What is the tens digit of r?
1
Let s be 7 - (-1*4)/(-4). Suppose -q + s = -10. What is the tens digit of q?
1
Let m = 295 - 159. What is the units digit of m?
6
Let z = -16 + 4. Let k = 52 - 33. Let u = z + k. What is the units digit of u?
7
Let q(x) be the third derivative of -11*x**4/24 - x**3/2 + 8*x**2. What is the tens digit of q(-2)?
1
Let a be (-28)/12 + 3/9. What is the units digit of (-1 - -7)/a*-3?
9
Let a = 16 - 10. What is the units digit of a?
6
Suppose -3*s = -2*s - 13. Let b = -7 + s. What is the units digit of b?
6
Suppose -t - 4*h - 14 = 0, 0 = -5*t + 4*h - 0*h + 26. Let z(o) = t*o**2 - 7*o - 20 + o - o**2 + 16. What is the tens digit of z(8)?
1
Suppose -3*n + 52 = 4*b - 0*b, -4*b = -4*n + 60. Suppose -d + 4*q - q = -n, 0 = -3*d - 3*q. What is the units digit of d?
4
Let c(s) = 3*s**2 - 12*s + 35. What is the units digit of c(7)?
8
Let k = -82 - -140. What is the units digit of k?
8
Let n(x) = -2*x + 3. Let j be ((-1)/3)/((-2)/12). Let f = -5 + j. What is the units digit of n(f)?
9
Let i = 89 + -7. What is the units digit of i?
2
Let p(z) = -z**2 + 35. What is the tens digit of p(0)?
3
Let i = -6 - -33. What is the units digit of i?
7
Suppose 6*x - 83 = 2*x - 3*h, x + 5*h - 8 = 0. Let p = -2 + 7. Suppose 4*k - w - x = -k, 5*w + p = 3*k. What is the units digit of k?
5
Let c = 3 - 5. What is the units digit of (3 + c)*2 + 14?
6
Let q = 42 - -17. What is the tens digit of q?
5
Let s